{"id":87,"date":"2019-01-25T16:53:01","date_gmt":"2019-01-25T15:53:01","guid":{"rendered":"http:\/\/virgulophile.fr\/?page_id=87"},"modified":"2019-05-16T17:32:43","modified_gmt":"2019-05-16T15:32:43","slug":"particuliers","status":"publish","type":"page","link":"https:\/\/virgulophile.fr\/?page_id=87","title":{"rendered":"Particuliers"},"content":{"rendered":"\n<p class=\"has-text-color has-background has-white-color has-background-color-background-color\">Vous souhaitez faire relire ou corriger un document personnel, un roman, un recueil de nouvelles&#8230; Virgulophile vous propose diff\u00e9rentes formules, selon vos besoins.  <br> <br>Pour la correction de vos devoirs, m\u00e9moires, th\u00e8ses, etc., Virgulophile vous propose des tarifs sp\u00e9cialement adapt\u00e9s aux \u00e9tudiants. B\u00e9n\u00e9ficiez de 10% de r\u00e9duction.<\/p>\n\n\n\n<p style=\"text-align:center\"><div id=\"rpt_pricr\" class=\"rpt_plans rpt_3_plans rpt_style_basic\"><div class=\" rpt_sm_subtitle rpt_sm_description rpt_xsm_price rpt_sm_recurrence\"><div class=\"rpt_plan  rpt_plugin_f rpt_plan_0 rpt_recommended_plan \"><div style=\"text-align:center;\" class=\"rpt_title rpt_title_0\">Coup de pouce<img decoding=\"async\" style=\"height:30px !important; width:30px !important;\" class=\"rpt_recommended\" src=\"https:\/\/virgulophile.fr\/wp-content\/plugins\/dk-pricr-responsive-pricing-table\/inc\/img\/rpt_recommended.png\"\/><\/div><div class=\"rpt_head rpt_head_0\"><div class=\"rpt_recurrence rpt_recurrence_0\">\u00e0 partir de<\/div><div class=\"rpt_price rpt_price_0\">0,001 \u20ac<\/div><div style=\"color:#ddbc44;\" class=\"rpt_subtitle rpt_subtitle_0\">par signe<\/div><\/div><div class=\"rpt_features rpt_features_0\"><div style=\"color:black;\" class=\"rpt_feature rpt_feature_0-0\">Relecture, correction simple (conjugaison, orthographe, grammaire, typographie)<\/div><\/div><a target=\"_blank\" style=\"background:#ddbc44\" class=\"rpt_foot rpt_foot_0\"><\/a><\/div><div class=\"rpt_plan  rpt_plugin_f rpt_plan_1 rpt_recommended_plan \"><div style=\"text-align:center;\" class=\"rpt_title rpt_title_1\">Coup de main<img decoding=\"async\" style=\"height:30px !important; width:30px !important;\" class=\"rpt_recommended\" src=\"https:\/\/virgulophile.fr\/wp-content\/plugins\/dk-pricr-responsive-pricing-table\/inc\/img\/rpt_recommended.png\"\/><\/div><div class=\"rpt_head rpt_head_1\"><div class=\"rpt_recurrence rpt_recurrence_1\">\u00e0 partir de<\/div><div class=\"rpt_price rpt_price_1\">0,0012 \u20ac<\/div><div style=\"color:#d69848;\" class=\"rpt_subtitle rpt_subtitle_1\">par signe<\/div><\/div><div class=\"rpt_features rpt_features_1\"><div style=\"color:black;\" class=\"rpt_feature rpt_feature_1-0\">Relecture, correction simple + propositions de reformulation<\/div><\/div><a target=\"_blank\" style=\"background:#d69848\" class=\"rpt_foot rpt_foot_1\"><\/a><\/div><div class=\"rpt_plan  rpt_plugin_f rpt_plan_2 rpt_recommended_plan \"><div style=\"text-align:center;\" class=\"rpt_title rpt_title_2\">Huile de coude<img decoding=\"async\" style=\"height:30px !important; width:30px !important;\" class=\"rpt_recommended\" src=\"https:\/\/virgulophile.fr\/wp-content\/plugins\/dk-pricr-responsive-pricing-table\/inc\/img\/rpt_recommended.png\"\/><\/div><div class=\"rpt_head rpt_head_2\"><div class=\"rpt_recurrence rpt_recurrence_2\">\u00e0 partir de<\/div><div class=\"rpt_price rpt_price_2\">0.002 \u20ac<\/div><div style=\"color:#d3554c;\" class=\"rpt_subtitle rpt_subtitle_2\">par signe<\/div><\/div><div class=\"rpt_features rpt_features_2\"><div style=\"color:black;\" class=\"rpt_feature rpt_feature_2-0\">Relecture, correction du texte et des notes de bas de page, propositions de reformulation, v\u00e9rification des citations et sources bibliographiques lorsque celles-ci sont accessibles, accompagnement <\/div><\/div><a target=\"_blank\" style=\"background:#d3554c\" class=\"rpt_foot rpt_foot_2\"><\/a><\/div><\/div><\/div><div style=\"clear:both;\"><\/div>  <\/p>\n\n\n\n<p class=\"has-text-color has-background has-white-color has-background-color-background-color\">Pour toute demande de devis, contactez Virgulophile par mail en joignant un extrait du document \u00e0 corriger.<br><br>Correction de lettre : 5 \u20ac<\/p>\n","protected":false},"excerpt":{"rendered":"<p>Vous souhaitez faire relire ou corriger un document personnel, un roman, un recueil de nouvelles&#8230; Virgulophile vous propose diff\u00e9rentes formules, selon vos besoins. Pour la correction de vos devoirs, m\u00e9moires, th\u00e8ses, etc., Virgulophile vous propose des tarifs sp\u00e9cialement adapt\u00e9s aux \u00e9tudiants. B\u00e9n\u00e9ficiez de 10% de r\u00e9duction. Pour toute demande de [&hellip;]<\/p>\n","protected":false},"author":1,"featured_media":0,"parent":0,"menu_order":0,"comment_status":"closed","ping_status":"closed","template":"","meta":{"footnotes":""},"yoast_head":"<!-- This site is optimized with the Yoast SEO plugin v14.4.1 - https:\/\/yoast.com\/wordpress\/plugins\/seo\/ -->\n<title>Particuliers -<\/title>\n<meta name=\"robots\" content=\"index, follow\" \/>\n<meta name=\"googlebot\" content=\"index, follow, max-snippet:-1, max-image-preview:large, max-video-preview:-1\" \/>\n<meta name=\"bingbot\" content=\"index, follow, max-snippet:-1, max-image-preview:large, max-video-preview:-1\" \/>\n<link rel=\"canonical\" href=\"http:\/\/virgulophile.fr\/?page_id=87\" \/>\n<meta property=\"og:locale\" content=\"fr_FR\" \/>\n<meta property=\"og:type\" content=\"article\" \/>\n<meta property=\"og:title\" content=\"Particuliers -\" \/>\n<meta property=\"og:description\" content=\"Vous souhaitez faire relire ou corriger un document personnel, un roman, un recueil de nouvelles&#8230; Virgulophile vous propose diff\u00e9rentes formules, selon vos besoins. Pour la correction de vos devoirs, m\u00e9moires, th\u00e8ses, etc., Virgulophile vous propose des tarifs sp\u00e9cialement adapt\u00e9s aux \u00e9tudiants. B\u00e9n\u00e9ficiez de 10% de r\u00e9duction. Pour toute demande de [&hellip;]\" \/>\n<meta property=\"og:url\" content=\"http:\/\/virgulophile.fr\/?page_id=87\" \/>\n<meta property=\"article:modified_time\" content=\"2019-05-16T15:32:43+00:00\" \/>\n<meta name=\"twitter:card\" content=\"summary_large_image\" \/>\n<script type=\"application\/ld+json\" class=\"yoast-schema-graph\">{\"@context\":\"https:\/\/schema.org\",\"@graph\":[{\"@type\":\"WebSite\",\"@id\":\"https:\/\/virgulophile.fr\/#website\",\"url\":\"https:\/\/virgulophile.fr\/\",\"name\":\"\",\"description\":\"Relecture et correction\",\"potentialAction\":[{\"@type\":\"SearchAction\",\"target\":\"https:\/\/virgulophile.fr\/?s={search_term_string}\",\"query-input\":\"required name=search_term_string\"}],\"inLanguage\":\"fr-FR\"},{\"@type\":\"WebPage\",\"@id\":\"http:\/\/virgulophile.fr\/?page_id=87#webpage\",\"url\":\"http:\/\/virgulophile.fr\/?page_id=87\",\"name\":\"Particuliers -\",\"isPartOf\":{\"@id\":\"https:\/\/virgulophile.fr\/#website\"},\"datePublished\":\"2019-01-25T15:53:01+00:00\",\"dateModified\":\"2019-05-16T15:32:43+00:00\",\"inLanguage\":\"fr-FR\",\"potentialAction\":[{\"@type\":\"ReadAction\",\"target\":[\"http:\/\/virgulophile.fr\/?page_id=87\"]}]}]}<\/script>\n<!-- \/ Yoast SEO plugin. -->","_links":{"self":[{"href":"https:\/\/virgulophile.fr\/index.php?rest_route=\/wp\/v2\/pages\/87"}],"collection":[{"href":"https:\/\/virgulophile.fr\/index.php?rest_route=\/wp\/v2\/pages"}],"about":[{"href":"https:\/\/virgulophile.fr\/index.php?rest_route=\/wp\/v2\/types\/page"}],"author":[{"embeddable":true,"href":"https:\/\/virgulophile.fr\/index.php?rest_route=\/wp\/v2\/users\/1"}],"replies":[{"embeddable":true,"href":"https:\/\/virgulophile.fr\/index.php?rest_route=%2Fwp%2Fv2%2Fcomments&post=87"}],"version-history":[{"count":16,"href":"https:\/\/virgulophile.fr\/index.php?rest_route=\/wp\/v2\/pages\/87\/revisions"}],"predecessor-version":[{"id":780,"href":"https:\/\/virgulophile.fr\/index.php?rest_route=\/wp\/v2\/pages\/87\/revisions\/780"}],"wp:attachment":[{"href":"https:\/\/virgulophile.fr\/index.php?rest_route=%2Fwp%2Fv2%2Fmedia&parent=87"}],"curies":[{"name":"wp","href":"https:\/\/api.w.org\/{rel}","templated":true}]}}